{"id":928,"date":"2024-11-23T23:07:08","date_gmt":"2024-11-23T23:07:08","guid":{"rendered":"https:\/\/www.akineziologia.hu\/?page_id=928"},"modified":"2025-11-16T18:14:34","modified_gmt":"2025-11-16T18:14:34","slug":"bach-viragterapia","status":"publish","type":"page","link":"https:\/\/www.akineziologia.hu\/?page_id=928","title":{"rendered":"Bach-vir\u00e1gter\u00e1pia"},"content":{"rendered":"<section class=\"bde-section-928-100 bde-section\">\n  \n  \n\t\n\n\n\n<div class=\"section-container\"><h1 class=\"bde-heading-928-101 bde-heading\">\nBach-vir\u00e1gter\u00e1pia tan\u00e1csad\u00e1s<br>\n<\/h1><\/div>\n<\/section><section class=\"bde-section-928-102 bde-section\">\n  \n  \n\t\n\n\n\n<div class=\"section-container\"><div class=\"bde-text-928-117 bde-text\">\nA\u200b Bach \u200bvir\u00e1geszenci\u00e1k\u200b az \u00e9rzelmi harm\u00f3nia megteremt\u00e9s\u00e9r\u200be szolg\u00e1lnak.\u200b C\u00e9l az \u00e9rzelmi probl\u00e9m\u00e1k meg\u00e9rt\u00e9s\u200be \u00e9s az azokra adott c\u00e9lzott esszenci\u00e1k \u200balkalmaz\u00e1sa.\u200b A kineziol\u00f3gia \u200bezt saj\u00e1tos m\u00f3don \u200bk\u200b\u00f6zel\u00edti meg. Izomteszt seg\u00edts\u00e9g\u00e9vel v\u00e1lasztjuk ki a sz\u00fcks\u00e9ges esszenci\u00e1kat. Ez azt jelenti, hogy a kineziol\u00f3gia nem csak a kliens tudatos \u00e9rz\u00e9seire vagy panaszaira t\u00e1maszkodik, hanem a test \u00e1ltal adott v\u00e1laszokat is figyelembe veszi. \u00cdgy az eszenci\u00e1k kiv\u00e1laszt\u00e1sa szubtilisabb, intuit\u00edvabb m\u00f3don t\u00f6rt\u00e9nhet.\u200b A kineziol\u00f3gia a testi \u00e9s \u00e9rzelmi energi\u00e1k kiegyens\u00falyoz\u00e1s\u00e1ra t\u00f6rekszik\u200b ez\u00e9rt m\u00e1s m\u00f3dszereket (pl. stresszold\u00e1s, energetikai gyakorlatok) is kombin\u00e1lhat az eszenci\u00e1k haszn\u00e1lat\u00e1val.\n<\/div><\/div>\n<\/section><section class=\"bde-section-928-136 bde-section\">\n              \n  \n  \n\t\n\n  <div class=\"section-background-overlay\"><\/div>\n\n\n<div class=\"section-container\"><div class=\"bde-columns-928-137 bde-columns\"><div class=\"bde-column-928-138 bde-column\">\n  \n  \n\t\n\n\n\n<div class=\"bde-image-928-139 bde-image\">\n<figure class=\"breakdance-image breakdance-image--1296\">\n\t<div class=\"breakdance-image-container\">\n\t\t<div class=\"breakdance-image-clip\"><img loading=\"lazy\" decoding=\"async\" class=\"breakdance-image-object\" src=\"https:\/\/www.akineziologia.hu\/wp-content\/uploads\/2025\/11\/Bachcsepp-uvegcse.png\" width=\"492\" height=\"328\" srcset=\"https:\/\/www.akineziologia.hu\/wp-content\/uploads\/2025\/11\/Bachcsepp-uvegcse.png 492w, https:\/\/www.akineziologia.hu\/wp-content\/uploads\/2025\/11\/Bachcsepp-uvegcse-300x200.png 300w\" sizes=\"auto, (max-width: 492px) 100vw, 492px\"><\/div>\n\t<\/div><\/figure>\n\n<\/div><div class=\"bde-image-928-140 bde-image\">\n<figure class=\"breakdance-image breakdance-image--945\">\n\t<div class=\"breakdance-image-container\">\n\t\t<div class=\"breakdance-image-clip\"><img loading=\"lazy\" decoding=\"async\" class=\"breakdance-image-object\" src=\"https:\/\/www.akineziologia.hu\/wp-content\/uploads\/2024\/11\/Kepernyofoto-2023-10-01-21.11.27.png\" width=\"1105\" height=\"1105\" srcset=\"https:\/\/www.akineziologia.hu\/wp-content\/uploads\/2024\/11\/Kepernyofoto-2023-10-01-21.11.27.png 1105w, https:\/\/www.akineziologia.hu\/wp-content\/uploads\/2024\/11\/Kepernyofoto-2023-10-01-21.11.27-300x300.png 300w, https:\/\/www.akineziologia.hu\/wp-content\/uploads\/2024\/11\/Kepernyofoto-2023-10-01-21.11.27-1024x1024.png 1024w, https:\/\/www.akineziologia.hu\/wp-content\/uploads\/2024\/11\/Kepernyofoto-2023-10-01-21.11.27-150x150.png 150w, https:\/\/www.akineziologia.hu\/wp-content\/uploads\/2024\/11\/Kepernyofoto-2023-10-01-21.11.27-768x768.png 768w\" sizes=\"auto, (max-width: 1105px) 100vw, 1105px\"><\/div>\n\t<\/div><\/figure>\n\n<\/div><div class=\"bde-image-928-141 bde-image\">\n<figure class=\"breakdance-image breakdance-image--1297\">\n\t<div class=\"breakdance-image-container\">\n\t\t<div class=\"breakdance-image-clip\"><img loading=\"lazy\" decoding=\"async\" class=\"breakdance-image-object\" src=\"https:\/\/www.akineziologia.hu\/wp-content\/uploads\/2025\/11\/ChatGPT-Image-2025.-nov.-16.-16_48_49.png\" width=\"794\" height=\"529\" srcset=\"https:\/\/www.akineziologia.hu\/wp-content\/uploads\/2025\/11\/ChatGPT-Image-2025.-nov.-16.-16_48_49.png 794w, https:\/\/www.akineziologia.hu\/wp-content\/uploads\/2025\/11\/ChatGPT-Image-2025.-nov.-16.-16_48_49-300x200.png 300w, https:\/\/www.akineziologia.hu\/wp-content\/uploads\/2025\/11\/ChatGPT-Image-2025.-nov.-16.-16_48_49-768x512.png 768w\" sizes=\"auto, (max-width: 794px) 100vw, 794px\"><\/div>\n\t<\/div><\/figure>\n\n<\/div><div class=\"bde-image-928-149 bde-image\">\n<figure class=\"breakdance-image breakdance-image--1298\">\n\t<div class=\"breakdance-image-container\">\n\t\t<div class=\"breakdance-image-clip\"><img loading=\"lazy\" decoding=\"async\" class=\"breakdance-image-object\" src=\"https:\/\/www.akineziologia.hu\/wp-content\/uploads\/2025\/11\/Vadgesztenye-rozsaszin.jpeg\" width=\"529\" height=\"529\" srcset=\"https:\/\/www.akineziologia.hu\/wp-content\/uploads\/2025\/11\/Vadgesztenye-rozsaszin.jpeg 529w, https:\/\/www.akineziologia.hu\/wp-content\/uploads\/2025\/11\/Vadgesztenye-rozsaszin-300x300.jpeg 300w, https:\/\/www.akineziologia.hu\/wp-content\/uploads\/2025\/11\/Vadgesztenye-rozsaszin-150x150.jpeg 150w\" sizes=\"auto, (max-width: 529px) 100vw, 529px\"><\/div>\n\t<\/div><\/figure>\n\n<\/div>\n<\/div><div class=\"bde-column-928-142 bde-column\">\n  \n  \n\t\n\n\n\n<h2 class=\"bde-heading-928-143 bde-heading\">\nKineziol\u00f3gia \u00e9s Bach-esszenci\u00e1k\n<\/h2><div class=\"bde-text-928-145 bde-text\">\nEgy kineziol\u00f3giai Bach-tan\u00e1csad\u00e1s izgalmas \u00e9s szem\u00e9lyre szabott folyamat, amelyben az izomtesztel\u00e9s \u00e9s a Bach-vir\u00e1geszenci\u00e1k kombin\u00e1ci\u00f3j\u00e1t haszn\u00e1lja a testi-lelki egyens\u00faly helyre\u00e1ll\u00edt\u00e1s\u00e1ra. \u00cdme, hogyan n\u00e9z ki egy ilyen alkalom l\u00e9p\u00e9sr\u0151l l\u00e9p\u00e9sre:\n<\/div><div class=\"bde-text-928-150 bde-text\">\n1. Felt\u00e1r\u00f3 besz\u00e9lget\u00e9s\n<\/div><div class=\"bde-text-928-151 bde-text\">\nEl\u0151sz\u00f6r\u200b egy felt\u00e1r\u00f3 besz\u00e9lget\u200b\u00e9ssel kezdj\u00fck az aktu\u00e1lis helyzet\u200bedr\u0151l, probl\u00e9m\u00e1i\u200bdr\u00f3l, \u00e9rzelmi \u00e1llapot\u200bodr\u00f3l, \u00e9s arr\u00f3l, hogy milyen v\u00e1ltoz\u00e1st szeretn\u200b\u00e9 el\u00e9rni\u200b, mi az amire megold\u00e1st keresel.<br>Ez seg\u00edt meg\u00e9rteni, hogy milyen t\u00e9m\u00e1kon dolgozz\u200bunk a \u200bkonzult\u00e1ci\u00f3 sor\u00e1n (p\u00e9ld\u00e1ul stressz, szorong\u00e1s, d\u00f6nt\u00e9sk\u00e9ptelens\u00e9g, \u00f6nbizalomhi\u00e1ny stb.).\n<\/div><div class=\"bde-text-928-152 bde-text\">\n2. Izomtesztel\u00e9s \u2013 a test v\u00e1laszai\n<\/div><div class=\"bde-text-928-153 bde-text\">\nA kineziol\u00f3gia egyik alapja az izomtesztel\u00e9s\u200b. Ennek sor\u00e1n a\u200bz iz\u200bmokat finom\u200ban megnyomva figyel\u200bem az izomt\u00f3nus v\u00e1ltoz\u00e1sait.\u200b Az izomteszt seg\u00edts\u00e9g\u00e9vel felt\u00e1rhat\u00f3, hogy milyen \u00e9rzelmi blokkok vagy energetikai egyens\u00falytalans\u00e1gok \u00e1llnak a probl\u00e9m\u00e1\u200bd h\u00e1tter\u00e9ben.\n<\/div><div class=\"bde-text-928-154 bde-text\">\n3. A megfelel\u0151 Bach-vir\u00e1geszenci\u00e1k kiv\u00e1laszt\u00e1sa\n<\/div><div class=\"bde-text-928-155 bde-text\">\nAz izomteszt seg\u00edts\u00e9g\u00e9vel pontosan meghat\u00e1rozz\u200buk, hogy melyik(ek) Bach-vir\u00e1geszencia sz\u00fcks\u00e9ges a \u200b sz\u00e1m\u200bodra. Az izomteszt \u200babban is seg\u00edt\u200bhet, hogy kider\u00fclj\u00f6n, h\u00e1ny eszenci\u00e1t kell kombin\u00e1lni, \u00e9s milyen sorrendben vagy id\u0151tartamig \u200balkalmaz\u200bhat\u00f3ak.\n<\/div><div class=\"bde-text-928-156 bde-text\">\n4. Tov\u00e1bbi kineziol\u00f3giai korrekci\u00f3k\n<\/div><div class=\"bde-text-928-157 bde-text\">\n\u200bGyakran tov\u00e1bbi technik\u00e1kat is alkalmaz\u200bunk a stresszold\u00e1sra \u00e9s az energetikai egyens\u00faly helyre\u00e1ll\u00edt\u00e1s\u00e1ra. Ezek lehetnek:<br>- L\u00e9gz\u00e9stechnik\u00e1k<br>- Relax\u00e1ci\u00f3s gyakorlatok<br>- \u00c9rint\u00e9s\u200bek (pl. az energiapontok stimul\u00e1l\u00e1sa)<br>- Egy\u00e9b energetikai korrekci\u00f3k.<br>Ezek c\u00e9lja, hogy t\u00e1mogass\u00e1k az \u00e9rzelmi blokkok old\u00e1s\u00e1t, \u00e9s\u200b ez\u00e1ltal meger\u0151s\u00edts\u00e9k a term\u00e9szetes \u200b\u00f6ngy\u00f3gy\u00edt\u00f3 folyamata\u200bokat.\n<\/div><div class=\"bde-text-928-158 bde-text\">\n5. \u00c1tbesz\u00e9l\u00e9s \u00e9s lez\u00e1r\u00e1s\n<\/div><div class=\"bde-text-928-159 bde-text\">\nA \u200btan\u00e1csad\u00e1s v\u00e9g\u00e9n \u200b\u00e1tbesz\u00e9lj\u00fck tapasztala\u200btaidat, \u00e9s pontos t\u00e1j\u00e9koztat\u00e1st a\u200bdok hogyan haszn\u00e1l\u200bd a k\u200bapott Bach-vir\u00e1gesszenci\u00e1kat (pl. napi h\u00e1nyszor, hogyan, milyen id\u0151k\u00f6z\u00f6nk\u00e9nt).<br>Esetleg tov\u00e1bbi tan\u00e1csokat is ad\u200bok, p\u00e9ld\u00e1ul relax\u00e1ci\u00f3s gyakorlatokat\u200b javasolok.\n<\/div><div class=\"bde-text-928-161 bde-text\">\n6. K\u00f6vetkez\u0151 l\u00e9p\u00e9sek\n<\/div><div class=\"bde-text-928-162 bde-text\">\nA Bach-esszenci\u00e1k hat\u00e1sa \u00e1ltal\u00e1ban fokozatosan jelentkezik. \u200bJavasol\u200btak a kontrolltal\u00e1lkoz\u00f3\u200bk, hogy nyomon k\u00f6vess\u200b\u00fck a v\u00e1ltoz\u00e1sokat, \u00e9s finom\u00edts\u200buk az alkalmazott m\u00f3dszereket.\n<\/div><div class=\"bde-text-928-163 bde-text\">\nE\u200brre sz\u00e1m\u00edthatsz a Bach-vir\u00e1gter\u00e1pia\u200b sor\u00e1n:\n<\/div><div class=\"bde-text-928-147 bde-text\">\nAz\u200b \u200btan\u00e1csad\u00e1s sor\u00e1n gyakran m\u00e9ly ellazul\u00e1s\u200b vagy \u00e9rzelmi felszabadul\u00e1s tapasztalhat\u200b\u00f3 meg. A Bach-esszenci\u00e1k haszn\u00e1lata ut\u00e1n fokozatosan \u00e9rezhet\u200bed az \u00e9rzelmi egyens\u00faly javul\u00e1s\u00e1t, a stressz cs\u00f6kken\u00e9s\u00e9t, vagy a probl\u00e9ma tiszt\u00e1bb meg\u00e9rt\u00e9s\u00e9t.\u200b Ez a folyamat rendk\u00edv\u00fcl szem\u00e9lyre szabott, hiszen a kineziol\u00f3gia \u00e9s a Bach-vir\u00e1geszenci\u00e1k kombin\u00e1ci\u00f3ja az egyedi sz\u00fcks\u00e9gletedire reag\u00e1l.\n<\/div><div class=\"bde-button-928-160 bde-button\">\n    \n                                    \n    \n    \n    \n    \n            \n                    \n            \n            \n\n    \n    \n    \n    \n    \n    <a class=\"breakdance-link button-atom button-atom--custom bde-button__button\" href=\"https:\/\/akineziologia.booked4.us\" target=\"_self\" data-type=\"url\"  >\n\n    \n        <span class=\"button-atom__text\">Id\u0151pontotot foglalok<\/span>\n\n        \n        \n                <\/a>\n\n    \n\n\n<\/div>\n<\/div><\/div><\/div>\n<\/section>","protected":false},"excerpt":{"rendered":"<p>Bach-vir\u00e1gter\u00e1pia tan\u00e1csad\u00e1s A\u200b Bach \u200bvir\u00e1geszenci\u00e1k\u200b az \u00e9rzelmi harm\u00f3nia megteremt\u00e9s\u00e9r\u200be szolg\u00e1lnak.\u200b C\u00e9l az \u00e9rzelmi probl\u00e9m\u00e1k meg\u00e9rt\u00e9s\u200be \u00e9s az azokra adott c\u00e9lzott esszenci\u00e1k \u200balkalmaz\u00e1sa.\u200b A kineziol\u00f3gia \u200bezt saj\u00e1tos m\u00f3don \u200bk\u200b\u00f6zel\u00edti meg. Izomteszt seg\u00edts\u00e9g\u00e9vel v\u00e1lasztjuk ki a sz\u00fcks\u00e9ges esszenci\u00e1kat. Ez azt jelenti, hogy a kineziol\u00f3gia nem csak a kliens tudatos \u00e9rz\u00e9seire vagy panaszaira t\u00e1maszkodik, hanem a test \u00e1ltal [&hellip;]<\/p>\n","protected":false},"author":1,"featured_media":0,"parent":0,"menu_order":0,"comment_status":"closed","ping_status":"closed","template":"","meta":{"_breakdance_hide_in_design_set":false,"_breakdance_tags":"","footnotes":""},"class_list":["post-928","page","type-page","status-publish","hentry"],"_links":{"self":[{"href":"https:\/\/www.akineziologia.hu\/index.php?rest_route=\/wp\/v2\/pages\/928","targetHints":{"allow":["GET"]}}],"collection":[{"href":"https:\/\/www.akineziologia.hu\/index.php?rest_route=\/wp\/v2\/pages"}],"about":[{"href":"https:\/\/www.akineziologia.hu\/index.php?rest_route=\/wp\/v2\/types\/page"}],"author":[{"embeddable":true,"href":"https:\/\/www.akineziologia.hu\/index.php?rest_route=\/wp\/v2\/users\/1"}],"replies":[{"embeddable":true,"href":"https:\/\/www.akineziologia.hu\/index.php?rest_route=%2Fwp%2Fv2%2Fcomments&post=928"}],"version-history":[{"count":27,"href":"https:\/\/www.akineziologia.hu\/index.php?rest_route=\/wp\/v2\/pages\/928\/revisions"}],"predecessor-version":[{"id":1300,"href":"https:\/\/www.akineziologia.hu\/index.php?rest_route=\/wp\/v2\/pages\/928\/revisions\/1300"}],"wp:attachment":[{"href":"https:\/\/www.akineziologia.hu\/index.php?rest_route=%2Fwp%2Fv2%2Fmedia&parent=928"}],"curies":[{"name":"wp","href":"https:\/\/api.w.org\/{rel}","templated":true}]}}