{"id":842,"date":"2024-11-21T15:24:26","date_gmt":"2024-11-21T15:24:26","guid":{"rendered":"https:\/\/www.akineziologia.hu\/?page_id=842"},"modified":"2025-07-30T05:49:15","modified_gmt":"2025-07-30T05:49:15","slug":"kineziologia-es-biorezonancia","status":"publish","type":"page","link":"https:\/\/www.akineziologia.hu\/?page_id=842","title":{"rendered":"Kineziol\u00f3gia \u00e9s biorezonancia"},"content":{"rendered":"<section class=\"bde-section-842-124 bde-section\">\n  \n  \n\t\n\n\n\n<div class=\"section-container\"><div class=\"bde-text-842-126 bde-text\">\n\u2728 Lelki-Energetikai Balansz \u2013 ahol a test \u00e9s l\u00e9lek \u00fajra \u00f6sszhangba ker\u00fcl\n<\/div><div class=\"bde-image-842-125 bde-image\">\n<figure class=\"breakdance-image breakdance-image--1140\">\n\t<div class=\"breakdance-image-container\">\n\t\t<div class=\"breakdance-image-clip\"><img loading=\"lazy\" decoding=\"async\" class=\"breakdance-image-object\" src=\"https:\/\/www.akineziologia.hu\/wp-content\/uploads\/2025\/03\/Kepernyofoto-2025-01-27-18.34.12-1.png\" width=\"2549\" height=\"1438\" srcset=\"https:\/\/www.akineziologia.hu\/wp-content\/uploads\/2025\/03\/Kepernyofoto-2025-01-27-18.34.12-1.png 2549w, https:\/\/www.akineziologia.hu\/wp-content\/uploads\/2025\/03\/Kepernyofoto-2025-01-27-18.34.12-1-300x169.png 300w, https:\/\/www.akineziologia.hu\/wp-content\/uploads\/2025\/03\/Kepernyofoto-2025-01-27-18.34.12-1-1024x578.png 1024w, https:\/\/www.akineziologia.hu\/wp-content\/uploads\/2025\/03\/Kepernyofoto-2025-01-27-18.34.12-1-768x433.png 768w, https:\/\/www.akineziologia.hu\/wp-content\/uploads\/2025\/03\/Kepernyofoto-2025-01-27-18.34.12-1-1536x867.png 1536w, https:\/\/www.akineziologia.hu\/wp-content\/uploads\/2025\/03\/Kepernyofoto-2025-01-27-18.34.12-1-2048x1155.png 2048w\" sizes=\"auto, (max-width: 2549px) 100vw, 2549px\"><\/div>\n\t<\/div><\/figure>\n\n<\/div><\/div>\n<\/section><section class=\"bde-section-842-231 bde-section\">\n              \n  \n  \n\t\n\n  <div class=\"section-background-overlay\"><\/div>\n\n\n<div class=\"section-container\"><div class=\"bde-columns-842-232 bde-columns\"><div class=\"bde-column-842-237 bde-column\">\n  \n  \n\t\n\n\n\n<div class=\"bde-text-842-240 bde-text\">\nMi is az a Lelki-Energetikai Balansz?\n<\/div><div class=\"bde-text-842-255 bde-text\">\nA Lelki-Energetikai Balansz egy egyed\u00fcl\u00e1ll\u00f3 \u00e9s k\u00fcl\u00f6nleges kezel\u00e9si forma, amely a kineziol\u00f3gia \u00e9s a biorezonancia el\u0151nyeit \u00f6tv\u00f6zi. Ez a kombin\u00e1ci\u00f3 olyan m\u00e9lyrehat\u00f3 v\u00e1ltoz\u00e1sokat ind\u00edt el a szervezetben \u00e9s a l\u00e9lekben, amit egyik m\u00f3dszer sem k\u00e9pes egyed\u00fcl \u00f6nmag\u00e1ban kiv\u00e1ltani. A m\u00f3dszer alapja a t\u00f6bb mint h\u00fasz \u00e9v saj\u00e1t tapasztalataimra \u00e9s gyakorlati munk\u00e1mra \u00e9p\u00fcl \u2013 nem elm\u00e9let, hanem kipr\u00f3b\u00e1lt, m\u0171k\u00f6d\u0151 gyakorlat.<br><br>Ez a szolg\u00e1ltat\u00e1s nem csup\u00e1n k\u00e9t m\u00f3dszer kombin\u00e1ci\u00f3ja, hanem egy \u00fajfajta megk\u00f6zel\u00edt\u00e9s, amely teljes figyelemmel \u00e9s szem\u00e9lyre szabottan vezet vissza a bels\u0151 egyens\u00falyodhoz. Ez a kezel\u00e9s azoknak sz\u00f3l, akik nem csak a t\u00fcneteket szeretn\u00e9k enyh\u00edteni, hanem val\u00f3di, bels\u0151 egyens\u00falyt keresnek \u2013 testi, lelki \u00e9s energetikai szinten is.<br><br>\n<\/div><div class=\"bde-text-842-256 bde-text\">\nHogyan zajlik egy ilyen alkalom?\n<\/div><div class=\"bde-text-842-258 bde-text\">\nAz tal\u00e1lkoz\u00e1s sor\u00e1n el\u0151sz\u00f6r kineziol\u00f3giai izomtesztel\u00e9ssel felt\u00e1rjuk az aktu\u00e1lisan akt\u00edv stresszpontokat, lelki blokkokat, elakad\u00e1sokat. Ezt k\u00f6veti az \u00e9rzelmi old\u00e1s. A kineziol\u00f3gia seg\u00edts\u00e9g\u00e9vel oldjuk az \u00e9rzelmi \u00e9s tudatalatti fesz\u00fclts\u00e9geket. Majd a biorezonanci\u00e1s harmoniz\u00e1l\u00e1s k\u00f6vetkezik, amely finoman t\u00e1mogatja a test regener\u00e1ci\u00f3s folyamatait \u00e9s az energetikai kiegyenl\u00edt\u0151d\u00e9st.<br>A k\u00e9t m\u00f3dszer egym\u00e1st er\u0151s\u00edti, m\u00e9ly\u00edti, kieg\u00e9sz\u00edti \u2013 az eredm\u00e9ny \u00edgy nem csak old\u00e1s, hanem val\u00f3di \u00e1thangol\u00e1s.<br><br>A folyamat c\u00e9lja nemcsak a megk\u00f6nnyebb\u00fcl\u00e9s, hanem az \u00fajraindul\u00e1s \u2013 egy m\u00e9lyebb, stabilabb \u00e1llapotb\u00f3l.\n<\/div><div class=\"bde-text-842-309 bde-text\">\nMunk\u00e1mban a BICOM k\u00e9sz\u00fcl\u00e9ket haszn\u00e1lom\n<\/div><div class=\"bde-text-842-311 bde-text\">\nMi\u00e9rt \u00e9ppen a BICOM k\u00e9sz\u00fcl\u00e9ket haszn\u00e1lom?\n<\/div><div class=\"bde-text-842-310 bde-text\">\nA BICOM biorezonanci\u00e1s k\u00e9sz\u00fcl\u00e9k vil\u00e1gszerte elismert az energetikai harmoniz\u00e1l\u00e1s \u00e9s a stresszkezel\u00e9s ter\u00fclet\u00e9n. T\u00f6bb mint 30 \u00e9v fejleszt\u00e9si tapasztalata \u00e1ll m\u00f6g\u00f6tte, \u00e9s az alternat\u00edv m\u00f3dszerek k\u00f6z\u00f6tt az egyik legmegb\u00edzhat\u00f3bb, prec\u00edzen hangolhat\u00f3 eszk\u00f6znek sz\u00e1m\u00edt.<br><br>M\u0171k\u00f6d\u00e9se sor\u00e1n a test saj\u00e1t rezg\u00e9sei alapj\u00e1n t\u00f6rt\u00e9nik a harmoniz\u00e1l\u00e1s, \u00edgy a folyamat teljes m\u00e9rt\u00e9kben szem\u00e9lyre szabott. A BICOM seg\u00edt felismerni \u00e9s kiegyens\u00falyozni a finom energetikai egyens\u00falytalans\u00e1gokat, amelyek gyakran \u00e9rzelmi fesz\u00fclts\u00e9gekkel, t\u00falterhelts\u00e9ggel vagy feldolgozatlan stresszhelyzetekkel \u00e1llnak \u00f6sszef\u00fcgg\u00e9sben.<br><br>A k\u00e9sz\u00fcl\u00e9k:<br><br>\u2022 F\u00e1jdalommentes \u00e9s mell\u00e9khat\u00e1smentes <br>\u2022 Finoman t\u00e1mogatja a szervezet term\u00e9szetes egyens\u00falyi \u00e1llapot\u00e1nak vissza\u00e1ll\u00edt\u00e1s\u00e1t<br>\u2022 Kiv\u00e1l\u00f3an kombin\u00e1lhat\u00f3 a kineziol\u00f3giai stresszold\u00e1s technik\u00e1ival<br>\u2022 Seg\u00edt harmoniz\u00e1lni a pszich\u00e9s \u00e9s energetikai terheket, blokkokat<br><br>Ez a rendszeres visszajelz\u00e9sek \u00e9s a saj\u00e1t tapasztalataim alapj\u00e1n is ide\u00e1lis v\u00e1laszt\u00e1s azok sz\u00e1m\u00e1ra, akik lelki egyens\u00falyt, \u00e9rzelmi tisztul\u00e1st \u00e9s bels\u0151 stabilit\u00e1st keresnek egy holisztikus, de biztons\u00e1gos keretben.\n<\/div><div class=\"bde-text-842-259 bde-text\">\nKinek aj\u00e1nlom?\n<\/div><div class=\"bde-text-842-257 bde-text\">\n\u2705 Tart\u00f3ss stressz, szorong\u00e1s, kimer\u00fclts\u00e9g, f\u00e1radts\u00e1g eset\u00e9n<br>\u2705 \u00c9rzelmi elakad\u00e1sok, visszat\u00e9r\u0151 probl\u00e9m\u00e1k old\u00e1s\u00e1ra<br>\u2705 \u00d6nismereti folyamatok t\u00e1mogat\u00e1s\u00e1ra<br>\u2705 Ha m\u00e1r t\u00f6bb m\u00f3dszert pr\u00f3b\u00e1lt\u00e1l, de valami m\u00e9g hi\u00e1nyzik \u00e9s egyik sem hozott tart\u00f3s v\u00e1ltoz\u00e1st<br>\u2705 Ha nyitott vagy a holisztikus szeml\u00e9letre<br>\u2705 Ha nemcsak a t\u00fcneteket, hanem az okokat is szeretn\u00e9d kezelni\n<\/div><div class=\"bde-text-842-260 bde-text\">\nMit nyerhetsz a kezel\u00e9ssel?<br>\n<\/div><div class=\"bde-text-842-261 bde-text\">\n\u2022 Bels\u0151 megk\u00f6nnyebb\u00fcl\u00e9s, lelki tisztul\u00e1s<br>\u2022 Harmonikusabb k\u00f6z\u00e9rzet, jobb alv\u00e1s, energikuss\u00e1g<br>\u2022 M\u00e9lyebb \u00f6nismeret<br>\u2022 A test term\u00e9szetes regener\u00e1ci\u00f3s folyamatai aktiviz\u00e1l\u00f3dnak<br>\n<\/div>\n<\/div><\/div><div class=\"bde-fancy-divider-842-283 bde-fancy-divider\">\n\n\n<div class=\"bde-fancy-divider__wrapper\">\n  <div class=\"bde-fancy-divider__separator has-content  \">\n  \t    \t    \t    \t\t\t    \t\t<div class=\"bde-fancy-divider__content bde-fancy-divider__content--icon\"><svg xmlns=\"http:\/\/www.w3.org\/2000\/svg\" viewBox=\"0 0 448 512\"><!--! Font Awesome Free 6.5.1 by @fontawesome - https:\/\/fontawesome.com License - https:\/\/fontawesome.com\/license\/free (Icons: CC BY 4.0, Fonts: SIL OFL 1.1, Code: MIT License) Copyright 2023 Fonticons, Inc. --><path d=\"M216.6 49.9C205.1 38.5 189.5 32 173.3 32C139.4 32 112 59.4 112 93.3v4.9c0 12 3.3 23.7 9.4 34l18.8 31.3c1.1 1.8 1.2 3.1 1 4.2c-.2 1.2-.8 2.5-2 3.6s-2.4 1.8-3.6 2c-1 .2-2.4 .1-4.2-1l-31.3-18.8c-10.3-6.2-22-9.4-34-9.4H61.3C27.4 144 0 171.4 0 205.3c0 16.2 6.5 31.8 17.9 43.3l1.2 1.2c3.4 3.4 3.4 9 0 12.4l-1.2 1.2C6.5 274.9 0 290.5 0 306.7C0 340.6 27.4 368 61.3 368h4.9c12 0 23.7-3.3 34-9.4l31.3-18.8c1.8-1.1 3.1-1.2 4.2-1c1.2 .2 2.5 .8 3.6 2s1.8 2.4 2 3.6c.2 1 .1 2.4-1 4.2l-18.8 31.3c-6.2 10.3-9.4 22-9.4 34v4.9c0 33.8 27.4 61.3 61.3 61.3c16.2 0 31.8-6.5 43.3-17.9l1.2-1.2c3.4-3.4 9-3.4 12.4 0l1.2 1.2c11.5 11.5 27.1 17.9 43.3 17.9c33.8 0 61.3-27.4 61.3-61.3v-4.9c0-12-3.3-23.7-9.4-34l-18.8-31.3c-1.1-1.8-1.2-3.1-1-4.2c.2-1.2 .8-2.5 2-3.6s2.4-1.8 3.6-2c1-.2 2.4-.1 4.2 1l31.3 18.8c10.3 6.2 22 9.4 34 9.4h4.9c33.8 0 61.3-27.4 61.3-61.3c0-16.2-6.5-31.8-17.9-43.3l-1.2-1.2c-3.4-3.4-3.4-9 0-12.4l1.2-1.2c11.5-11.5 17.9-27.1 17.9-43.3c0-33.8-27.4-61.3-61.3-61.3h-4.9c-12 0-23.7 3.3-34 9.4l-31.3 18.8c-1.8 1.1-3.1 1.2-4.2 1c-1.2-.2-2.5-.8-3.6-2s-1.8-2.4-2-3.6c-.2-1-.1-2.4 1-4.2l18.8-31.3c6.2-10.3 9.4-22 9.4-34V93.3C336 59.4 308.6 32 274.7 32c-16.2 0-31.8 6.5-43.3 17.9l-1.2 1.2c-3.4 3.4-9 3.4-12.4 0l-1.2-1.2z\"\/><\/svg><\/div>\n    \t                  <\/div>\n<\/div>\n\n<\/div><\/div>\n<\/section><section class=\"bde-section-842-266 bde-section\">\n              \n  \n  \n\t\n\n  <div class=\"section-background-overlay\"><\/div>\n\n\n<div class=\"section-container\"><div class=\"bde-columns-842-267 bde-columns\"><div class=\"bde-column-842-272 bde-column\">\n  \n  \n\t\n\n\n\n<div class=\"bde-text-842-274 bde-text\">\n\u2705 Helysz\u00edn: Budapest \u2013 k\u00f6nnyen megk\u00f6zel\u00edthet\u0151, csendes k\u00f6rnyezet<br>\u2705 \u00cdd\u0151tartam: kb. 55 perc<br>\u2705 \u00c1r: 16.000 Ft. \/ alkalom<br>\u2705Id\u0151pontfoglal\u00e1s: online, gyors \u00e9s automatikus rendszerrel (ha nem megy, h\u00edvj nyugodtan telefonon \u00e9s seg\u00edtek).<br>\n<\/div>\n<\/div><\/div><div class=\"bde-fancy-divider-842-284 bde-fancy-divider\">\n\n\n<div class=\"bde-fancy-divider__wrapper\">\n  <div class=\"bde-fancy-divider__separator has-content  \">\n  \t    \t    \t    \t\t\t    \t\t<div class=\"bde-fancy-divider__content bde-fancy-divider__content--icon\"><svg xmlns=\"http:\/\/www.w3.org\/2000\/svg\" viewBox=\"0 0 448 512\"><!--! Font Awesome Free 6.5.1 by @fontawesome - https:\/\/fontawesome.com License - https:\/\/fontawesome.com\/license\/free (Icons: CC BY 4.0, Fonts: SIL OFL 1.1, Code: MIT License) Copyright 2023 Fonticons, Inc. --><path d=\"M216.6 49.9C205.1 38.5 189.5 32 173.3 32C139.4 32 112 59.4 112 93.3v4.9c0 12 3.3 23.7 9.4 34l18.8 31.3c1.1 1.8 1.2 3.1 1 4.2c-.2 1.2-.8 2.5-2 3.6s-2.4 1.8-3.6 2c-1 .2-2.4 .1-4.2-1l-31.3-18.8c-10.3-6.2-22-9.4-34-9.4H61.3C27.4 144 0 171.4 0 205.3c0 16.2 6.5 31.8 17.9 43.3l1.2 1.2c3.4 3.4 3.4 9 0 12.4l-1.2 1.2C6.5 274.9 0 290.5 0 306.7C0 340.6 27.4 368 61.3 368h4.9c12 0 23.7-3.3 34-9.4l31.3-18.8c1.8-1.1 3.1-1.2 4.2-1c1.2 .2 2.5 .8 3.6 2s1.8 2.4 2 3.6c.2 1 .1 2.4-1 4.2l-18.8 31.3c-6.2 10.3-9.4 22-9.4 34v4.9c0 33.8 27.4 61.3 61.3 61.3c16.2 0 31.8-6.5 43.3-17.9l1.2-1.2c3.4-3.4 9-3.4 12.4 0l1.2 1.2c11.5 11.5 27.1 17.9 43.3 17.9c33.8 0 61.3-27.4 61.3-61.3v-4.9c0-12-3.3-23.7-9.4-34l-18.8-31.3c-1.1-1.8-1.2-3.1-1-4.2c.2-1.2 .8-2.5 2-3.6s2.4-1.8 3.6-2c1-.2 2.4-.1 4.2 1l31.3 18.8c10.3 6.2 22 9.4 34 9.4h4.9c33.8 0 61.3-27.4 61.3-61.3c0-16.2-6.5-31.8-17.9-43.3l-1.2-1.2c-3.4-3.4-3.4-9 0-12.4l1.2-1.2c11.5-11.5 17.9-27.1 17.9-43.3c0-33.8-27.4-61.3-61.3-61.3h-4.9c-12 0-23.7 3.3-34 9.4l-31.3 18.8c-1.8 1.1-3.1 1.2-4.2 1c-1.2-.2-2.5-.8-3.6-2s-1.8-2.4-2-3.6c-.2-1-.1-2.4 1-4.2l18.8-31.3c6.2-10.3 9.4-22 9.4-34V93.3C336 59.4 308.6 32 274.7 32c-16.2 0-31.8 6.5-43.3 17.9l-1.2 1.2c-3.4 3.4-9 3.4-12.4 0l-1.2-1.2z\"\/><\/svg><\/div>\n    \t                  <\/div>\n<\/div>\n\n<\/div><\/div>\n<\/section><section class=\"bde-section-842-290 bde-section\">\n  \n  \n\t\n\n\n\n<div class=\"section-container\"><h4 class=\"bde-heading-842-273 bde-heading\">\nK\u00e9szen \u00e1llsz arra, hogy visszatal\u00e1lj a bels\u0151 egyens\u00falyodhoz?\n<\/h4><div class=\"bde-columns-842-291 bde-columns\"><div class=\"bde-column-842-292 bde-column\">\n  \n  \n\t\n\n\n\n<div class=\"bde-text-842-294 bde-text\">\n\n<\/div><div class=\"bde-text-842-306 bde-text\">\nA Lelki-Energetikai Balansz nem csup\u00e1n egy kezel\u00e9s, hanem egy szem\u00e9lyre szabott, m\u00e9lyrehat\u00f3 utaz\u00e1s \u00f6nmagadhoz. Egyed\u00fcl\u00e1ll\u00f3 m\u00f3don \u00f6tv\u00f6zi a kineziol\u00f3gia \u00e9s a biorezonancia m\u00f3dszereit, hogy val\u00f3di, tart\u00f3s stresszold\u00e1st k\u00edn\u00e1ljon.<br><br>Ha olyan szakembert keresel, aki Budapesten val\u00f3ban holisztikus szeml\u00e9lettel, gyakorlati tapasztalattal dolgozik, \u00e9s a f\u00f3kuszban a te lelki \u00e9s energetikai harm\u00f3ni\u00e1d \u00e1ll \u2013 akkor j\u00f3 helyen j\u00e1rsz.<br><br>\u2705 Fedezd fel a lehet\u0151s\u00e9get, amit a test \u00e9s a l\u00e9lek egy\u00fcttm\u0171k\u00f6d\u00e9se rejt.<br>\u2705 Tapasztald meg, milyen, amikor a m\u00f3dszerek nem k\u00fcl\u00f6n, hanem egym\u00e1st er\u0151s\u00edtve m\u0171k\u00f6dnek.<br>\u2705 Foglalj id\u0151pontot most, \u00e9s tedd meg az els\u0151 l\u00e9p\u00e9st a val\u00f3di v\u00e1ltoz\u00e1s fel\u00e9.\n<\/div><h3 class=\"bde-heading-842-312 bde-heading\">\nJelentkez\u00e9s\n<\/h3>\n<\/div><\/div><\/div>\n<\/section>","protected":false},"excerpt":{"rendered":"<p>\u2728 Lelki-Energetikai Balansz \u2013 ahol a test \u00e9s l\u00e9lek \u00fajra \u00f6sszhangba ker\u00fcl Mi is az a Lelki-Energetikai Balansz? A Lelki-Energetikai Balansz egy egyed\u00fcl\u00e1ll\u00f3 \u00e9s k\u00fcl\u00f6nleges kezel\u00e9si forma, amely a kineziol\u00f3gia \u00e9s a biorezonancia el\u0151nyeit \u00f6tv\u00f6zi. Ez a kombin\u00e1ci\u00f3 olyan m\u00e9lyrehat\u00f3 v\u00e1ltoz\u00e1sokat ind\u00edt el a szervezetben \u00e9s a l\u00e9lekben, amit egyik m\u00f3dszer sem k\u00e9pes egyed\u00fcl \u00f6nmag\u00e1ban [&hellip;]<\/p>\n","protected":false},"author":1,"featured_media":0,"parent":0,"menu_order":0,"comment_status":"closed","ping_status":"closed","template":"","meta":{"_breakdance_hide_in_design_set":false,"_breakdance_tags":"","footnotes":""},"class_list":["post-842","page","type-page","status-publish","hentry"],"_links":{"self":[{"href":"https:\/\/www.akineziologia.hu\/index.php?rest_route=\/wp\/v2\/pages\/842","targetHints":{"allow":["GET"]}}],"collection":[{"href":"https:\/\/www.akineziologia.hu\/index.php?rest_route=\/wp\/v2\/pages"}],"about":[{"href":"https:\/\/www.akineziologia.hu\/index.php?rest_route=\/wp\/v2\/types\/page"}],"author":[{"embeddable":true,"href":"https:\/\/www.akineziologia.hu\/index.php?rest_route=\/wp\/v2\/users\/1"}],"replies":[{"embeddable":true,"href":"https:\/\/www.akineziologia.hu\/index.php?rest_route=%2Fwp%2Fv2%2Fcomments&post=842"}],"version-history":[{"count":34,"href":"https:\/\/www.akineziologia.hu\/index.php?rest_route=\/wp\/v2\/pages\/842\/revisions"}],"predecessor-version":[{"id":1227,"href":"https:\/\/www.akineziologia.hu\/index.php?rest_route=\/wp\/v2\/pages\/842\/revisions\/1227"}],"wp:attachment":[{"href":"https:\/\/www.akineziologia.hu\/index.php?rest_route=%2Fwp%2Fv2%2Fmedia&parent=842"}],"curies":[{"name":"wp","href":"https:\/\/api.w.org\/{rel}","templated":true}]}}