{"id":1248,"date":"2025-10-05T10:58:11","date_gmt":"2025-10-05T10:58:11","guid":{"rendered":"https:\/\/www.akineziologia.hu\/?page_id=1248"},"modified":"2025-11-16T14:21:49","modified_gmt":"2025-11-16T14:21:49","slug":"gdpr","status":"publish","type":"page","link":"https:\/\/www.akineziologia.hu\/?page_id=1248","title":{"rendered":"GDPR"},"content":{"rendered":"<footer class=\"bde-section-1248-100 bde-section\">\n  \n  \n\t\n\n\n\n<div class=\"section-container\"><div class=\"bde-rich-text-1248-104 bde-rich-text breakdance-rich-text-styles\">\n<h3>GDPR - Adatv\u00e9delmi t\u00e1j\u00e9koztat\u00f3<\/h3>\n<p data-start=\"284\" data-end=\"314\"><strong data-start=\"284\" data-end=\"314\">Hat\u00e1lyos: 2025. janu\u00e1r 6.<\/strong><\/p>\n<h4 data-start=\"316\" data-end=\"339\">1. Adatkezel\u0151 adatai<\/h4>\n<ul data-start=\"340\" data-end=\"552\">\n<li data-start=\"340\" data-end=\"384\">\n<p data-start=\"342\" data-end=\"384\"><strong data-start=\"342\" data-end=\"350\">N\u00e9v:<\/strong> Matok Eleonora e.v. (AKineziol\u00f3gia.hu weboldal tulajdonosa)<\/p>\n<\/li>\n<li data-start=\"385\" data-end=\"439\">\n<p data-start=\"387\" data-end=\"439\"><strong data-start=\"387\" data-end=\"400\">Sz\u00e9khely:<\/strong> 1137 Budapest, Szent Istv\u00e1n park 19.<\/p>\n<\/li>\n<li data-start=\"440\" data-end=\"472\">\n<p data-start=\"442\" data-end=\"472\"><strong data-start=\"442\" data-end=\"454\">Telefon:<\/strong> +36 20 299 8689<\/p>\n<\/li>\n<li data-start=\"473\" data-end=\"509\">\n<p data-start=\"475\" data-end=\"509\"><strong data-start=\"475\" data-end=\"486\">E-mail:<\/strong> kapcsolat<a class=\"decorated-link cursor-pointer\" rel=\"noopener\" data-start=\"487\" data-end=\"507\">@akineziologia.hu<\/a><\/p>\n<\/li>\n<li data-start=\"510\" data-end=\"552\">\n<p data-start=\"512\" data-end=\"552\"><strong data-start=\"512\" data-end=\"525\">Weboldal:<\/strong> <a class=\"decorated-link\" href=\"https:\/\/akineziologia.hu\" target=\"_new\" rel=\"noopener\" data-start=\"526\" data-end=\"550\">https:\/\/akineziologia.hu<\/a><\/p>\n<\/li>\n<\/ul>\n<p data-start=\"554\" data-end=\"730\">Az adatkezel\u0151 a szem\u00e9lyes adatok v\u00e9delm\u00e9t kiemelten fontosnak tartja, \u00e9s a jelen t\u00e1j\u00e9koztat\u00f3 c\u00e9lja, hogy bemutassa, hogyan t\u00f6rt\u00e9nik a l\u00e1togat\u00f3k adatainak kezel\u00e9se a weboldalon.<\/p>\n<hr data-start=\"732\" data-end=\"735\" \/>\n<h4 data-start=\"737\" data-end=\"763\">2. Az adatkezel\u00e9s c\u00e9lja<\/h4>\n<ul data-start=\"764\" data-end=\"999\">\n<li data-start=\"764\" data-end=\"816\">\n<p data-start=\"766\" data-end=\"816\">Id\u0151pontfoglal\u00e1s biztos\u00edt\u00e1sa (Booked4Us rendszer)<\/p>\n<\/li>\n<li data-start=\"817\" data-end=\"874\">\n<p data-start=\"819\" data-end=\"874\">H\u00edrlev\u00e9l feliratkoz\u00e1s \u00e9s k\u00fcld\u00e9s (MailerLite rendszer)<\/p>\n<\/li>\n<li data-start=\"875\" data-end=\"917\">\n<p data-start=\"877\" data-end=\"917\">Kapcsolattart\u00e1s, megkeres\u00e9sek kezel\u00e9se<\/p>\n<\/li>\n<li data-start=\"918\" data-end=\"999\">\n<p data-start=\"920\" data-end=\"999\">Weboldal m\u0171k\u00f6d\u00e9s\u00e9nek biztos\u00edt\u00e1sa, statisztikai m\u00e9r\u00e9sek (pl. Google Analytics, WP Breakdance)<\/p>\n<\/li>\n<\/ul>\n<p data-start=\"1966\" data-end=\"2006\"><strong data-start=\"1966\" data-end=\"2006\">2.1. H\u00edrlev\u00e9l feliratkoz\u00e1s \u00e9s k\u00fcld\u00e9s<\/strong><\/p>\n<p data-start=\"2012\" data-end=\"2259\">Az \u00e9rintettek (feliratkoz\u00f3k) \u00f6nk\u00e9ntes hozz\u00e1j\u00e1rul\u00e1sa alapj\u00e1n a Szolg\u00e1ltat\u00f3 h\u00edrleveleket k\u00fcldhet a megadott e-mail c\u00edmre. A h\u00edrlevelek ak\u00e1r k\u00f6zvetlen aj\u00e1nlatokat, szakmai tartalmakat, programokat vagy az oldallal kapcsolatos h\u00edreket tartalmazhatnak.<\/p>\n<p data-start=\"2265\" data-end=\"2383\"><strong data-start=\"2265\" data-end=\"2288\">Kezelt adatok k\u00f6re:<\/strong> e-mail c\u00edm, v\u00e1lasztott n\u00e9v \u00e9s egy\u00e9b kapcsol\u00f3d\u00f3 metaadatok (p\u00e9ld\u00e1ul megnyit\u00e1si statisztik\u00e1k).<\/p>\n<p data-start=\"2389\" data-end=\"2467\"><strong data-start=\"2389\" data-end=\"2418\">Az adatkezel\u00e9s jogalapja:<\/strong> az \u00e9rintett hozz\u00e1j\u00e1rul\u00e1sa (GDPR 6. cikk (1) a)).<\/p>\n<p data-start=\"2473\" data-end=\"2757\"><strong data-start=\"2473\" data-end=\"2492\">Adatfeldolgoz\u00f3:<\/strong> MailerLite, Inc. \u00e9s MailerLite Limited<br data-start=\"2531\" data-end=\"2534\" \/>A h\u00edrlev\u00e9l k\u00fcld\u00e9si tev\u00e9kenys\u00e9get a MailerLite biztos\u00edtja, ez\u00e9rt a feliratkoz\u00e1si adatok a MailerLite szerverein ker\u00fclnek t\u00e1rol\u00e1sra. A MailerLite adatkezel\u00e9si gyakorlat\u00e1r\u00f3l b\u0151vebben a MailerLite Privacy Policy-ben olvashat:<\/p>\n<p data-start=\"2762\" data-end=\"2821\">(<strong data-start=\"2763\" data-end=\"2771\">link<\/strong>: <a class=\"decorated-link\" href=\"https:\/\/www.mailerlite.com\/legal\/privacy-policy\" target=\"_new\" rel=\"noopener\" data-start=\"2773\" data-end=\"2820\">https:\/\/www.mailerlite.com\/legal\/privacy-policy<\/a>)<\/p>\n<p data-start=\"2826\" data-end=\"2920\"><strong data-start=\"2826\" data-end=\"2853\">Adatkezel\u00e9si id\u0151tartam:<\/strong> a leiratkoz\u00e1sig, vagy az \u00e9rintett hozz\u00e1j\u00e1rul\u00e1s\u00e1nak visszavon\u00e1s\u00e1ig.<\/p>\n<p data-start=\"2925\" data-end=\"3085\"><strong data-start=\"2925\" data-end=\"2941\">Leiratkoz\u00e1s:<\/strong> A leiratkoz\u00e1s b\u00e1rmikor megtehet\u0151 a h\u00edrlevelek alj\u00e1n tal\u00e1lhat\u00f3 leiratkoz\u00f3 linkre kattintva, vagy az adatkezel\u0151h\u00f6z int\u00e9zett \u00edr\u00e1sos megkeres\u00e9ssel (e.matok@gmail.com).<\/p>\n<hr data-start=\"1001\" data-end=\"1004\" \/>\n<h4 data-start=\"1006\" data-end=\"1030\">3. Kezelt adatok k\u00f6re<\/h4>\n<ul data-start=\"1031\" data-end=\"1336\">\n<li data-start=\"1031\" data-end=\"1108\">\n<p data-start=\"1033\" data-end=\"1108\"><strong data-start=\"1033\" data-end=\"1055\">Id\u0151pontfoglal\u00e1skor<\/strong>: n\u00e9v, e-mail c\u00edm, telefonsz\u00e1m, foglal\u00e1s c\u00edme, foglal\u00e1s id\u0151pontja, megjegyz\u00e9s.<\/p>\n<\/li>\n<li data-start=\"1109\" data-end=\"1172\">\n<p data-start=\"1111\" data-end=\"1172\"><strong data-start=\"1111\" data-end=\"1139\">H\u00edrlev\u00e9l-feliratkoz\u00e1skor<\/strong>: v\u00e1lasztott n\u00e9v\/becen\u00e9v, e-mail c\u00edm.<\/p>\n<\/li>\n<li data-start=\"1173\" data-end=\"1236\">\n<p data-start=\"1175\" data-end=\"1236\"><strong data-start=\"1175\" data-end=\"1199\">Kapcsolatfelv\u00e9telkor<\/strong>: n\u00e9v, e-mail c\u00edm, \u00fczenet tartalma.<\/p>\n<\/li>\n<li data-start=\"1237\" data-end=\"1336\">\n<p data-start=\"1239\" data-end=\"1336\"><strong data-start=\"1239\" data-end=\"1265\">S\u00fctik haszn\u00e1lata sor\u00e1n<\/strong>: IP c\u00edm, b\u00f6ng\u00e9sz\u0151 t\u00edpusa, l\u00e1togatott oldalak (anonimiz\u00e1lt form\u00e1ban).<\/p>\n<\/li>\n<\/ul>\n<hr data-start=\"1338\" data-end=\"1341\" \/>\n<h4 data-start=\"1343\" data-end=\"1373\">4. Az adatkezel\u00e9s jogalapja<\/h4>\n<ul data-start=\"1374\" data-end=\"1754\">\n<li data-start=\"1374\" data-end=\"1459\">\n<p data-start=\"1376\" data-end=\"1459\"><strong data-start=\"1376\" data-end=\"1392\">Hozz\u00e1j\u00e1rul\u00e1s<\/strong> (GDPR 6. cikk (1) a)) \u2192 h\u00edrlev\u00e9l feliratkoz\u00e1s, s\u00fctik elfogad\u00e1sa.<\/p>\n<\/li>\n<li data-start=\"1460\" data-end=\"1542\">\n<p data-start=\"1462\" data-end=\"1542\"><strong data-start=\"1462\" data-end=\"1487\">Szerz\u0151d\u00e9s teljes\u00edt\u00e9se<\/strong> (GDPR 6. cikk (1) b)) \u2192 id\u0151pontfoglal\u00e1s teljes\u00edt\u00e9se.<\/p>\n<\/li>\n<li data-start=\"1543\" data-end=\"1652\">\n<p data-start=\"1545\" data-end=\"1652\"><strong data-start=\"1545\" data-end=\"1579\">Jogi k\u00f6telezetts\u00e9g teljes\u00edt\u00e9se<\/strong> (GDPR 6. cikk (1) c)) \u2192 sz\u00e1ml\u00e1z\u00e1s eset\u00e9n sz\u00e1mviteli t\u00f6rv\u00e9ny el\u0151\u00edr\u00e1sai.<\/p>\n<\/li>\n<li data-start=\"1653\" data-end=\"1754\">\n<p data-start=\"1655\" data-end=\"1754\"><strong data-start=\"1655\" data-end=\"1670\">Jogos \u00e9rdek<\/strong> (GDPR 6. cikk (1) f)) \u2192 weboldal biztons\u00e1gos m\u0171k\u00f6dtet\u00e9se, l\u00e1togatotts\u00e1g elemz\u00e9se.<\/p>\n<\/li>\n<\/ul>\n<hr data-start=\"1756\" data-end=\"1759\" \/>\n<h4 data-start=\"1761\" data-end=\"1801\">5. Adatok tov\u00e1bb\u00edt\u00e1sa harmadik f\u00e9lnek<\/h4>\n<ul data-start=\"1802\" data-end=\"2157\">\n<li data-start=\"1802\" data-end=\"1882\">\n<p data-start=\"1804\" data-end=\"1882\"><strong data-start=\"1804\" data-end=\"1818\">MailerLite<\/strong> (h\u00edrlev\u00e9lk\u00fcld\u0151 szolg\u00e1ltat\u00f3) \u2192 csak a feliratkoz\u00f3 e-mail c\u00edme.<\/p>\n<\/li>\n<li data-start=\"1883\" data-end=\"1977\">\n<p data-start=\"1885\" data-end=\"1977\"><strong data-start=\"1885\" data-end=\"1898\">Booked4Us<\/strong> (id\u0151pontfoglal\u00f3 rendszer) \u2192 a foglal\u00e1shoz megadott n\u00e9v, e-mail, telefonsz\u00e1m.<\/p>\n<\/li>\n<li data-start=\"1978\" data-end=\"2059\">\n<p data-start=\"1980\" data-end=\"2059\"><strong data-start=\"1980\" data-end=\"2003\">Google Ireland Ltd.<\/strong> (Google Analytics) \u2192 anonimiz\u00e1lt statisztikai adatok.<\/p>\n<\/li>\n<li data-start=\"2060\" data-end=\"2157\">\n<p data-start=\"2062\" data-end=\"2157\"><strong data-start=\"2062\" data-end=\"2087\">Facebook Ireland Ltd.<\/strong> \u2192 ha a felhaszn\u00e1l\u00f3 a Facebook oldalunkat k\u00f6veti vagy onnan \u00e9rkezik.<\/p>\n<\/li>\n<\/ul>\n<hr data-start=\"2159\" data-end=\"2162\" \/>\n<h4 data-start=\"2164\" data-end=\"2192\">6. Adatkezel\u00e9s id\u0151tartama<\/h4>\n<ul data-start=\"2193\" data-end=\"2404\">\n<li data-start=\"2193\" data-end=\"2236\">\n<p data-start=\"2195\" data-end=\"2236\">H\u00edrlev\u00e9l feliratkoz\u00e1s: a leiratkoz\u00e1sig.<\/p>\n<\/li>\n<li data-start=\"2237\" data-end=\"2300\">\n<p data-start=\"2239\" data-end=\"2300\">Id\u0151pontfoglal\u00e1s: a szolg\u00e1ltat\u00e1s teljes\u00edt\u00e9s\u00e9t k\u00f6vet\u0151 1 \u00e9vig.<\/p>\n<\/li>\n<li data-start=\"2301\" data-end=\"2350\">\n<p data-start=\"2303\" data-end=\"2350\">Sz\u00e1ml\u00e1z\u00e1si adatok: 8 \u00e9v (sz\u00e1mviteli t\u00f6rv\u00e9ny).<\/p>\n<\/li>\n<li data-start=\"2351\" data-end=\"2404\">\n<p data-start=\"2353\" data-end=\"2404\">S\u00fctik: a s\u00fctik szab\u00e1lyzatban meghat\u00e1rozott ideig.<\/p>\n<\/li>\n<\/ul>\n<hr data-start=\"2406\" data-end=\"2409\" \/>\n<h4 data-start=\"2411\" data-end=\"2436\">7. Az \u00e9rintettek jogai<\/h4>\n<p data-start=\"2437\" data-end=\"2470\">A felhaszn\u00e1l\u00f3 b\u00e1rmikor k\u00e9rheti:<\/p>\n<ul data-start=\"2471\" data-end=\"2675\">\n<li data-start=\"2471\" data-end=\"2510\">\n<p data-start=\"2473\" data-end=\"2510\">t\u00e1j\u00e9koztat\u00e1s az adatai kezel\u00e9s\u00e9r\u0151l,<\/p>\n<\/li>\n<li data-start=\"2511\" data-end=\"2536\">\n<p data-start=\"2513\" data-end=\"2536\">adatai helyesb\u00edt\u00e9s\u00e9t,<\/p>\n<\/li>\n<li data-start=\"2537\" data-end=\"2579\">\n<p data-start=\"2539\" data-end=\"2579\">t\u00f6rl\u00e9s\u00e9t (\u201eelfeledtet\u00e9shez val\u00f3 jog\u201d),<\/p>\n<\/li>\n<li data-start=\"2580\" data-end=\"2609\">\n<p data-start=\"2582\" data-end=\"2609\">adatkezel\u00e9s korl\u00e1toz\u00e1s\u00e1t,<\/p>\n<\/li>\n<li data-start=\"2610\" data-end=\"2637\">\n<p data-start=\"2612\" data-end=\"2637\">adatai hordozhat\u00f3s\u00e1g\u00e1t,<\/p>\n<\/li>\n<li data-start=\"2638\" data-end=\"2675\">\n<p data-start=\"2640\" data-end=\"2675\">tiltakozhat az adatkezel\u00e9s ellen.<\/p>\n<\/li>\n<\/ul>\n<p data-start=\"2677\" data-end=\"2762\">Leiratkoz\u00e1s h\u00edrlev\u00e9lr\u0151l \u2192 minden lev\u00e9lben tal\u00e1lhat\u00f3 \u201eLeiratkoz\u00e1s\u201d linkkel lehets\u00e9ges.<\/p>\n<hr data-start=\"2764\" data-end=\"2767\" \/>\n<h4 data-start=\"2769\" data-end=\"2799\">8. Jogorvoslati lehet\u0151s\u00e9gek<\/h4>\n<ul data-start=\"2800\" data-end=\"2963\">\n<li data-start=\"2800\" data-end=\"2963\">\n<p data-start=\"2802\" data-end=\"2963\"><strong data-start=\"2802\" data-end=\"2863\">Nemzeti Adatv\u00e9delmi \u00e9s Inform\u00e1ci\u00f3szabads\u00e1g Hat\u00f3s\u00e1g (NAIH)<\/strong><br data-start=\"2863\" data-end=\"2866\" \/>C\u00edm: 1055 Budapest, Falk Miksa utca 9-11.<br data-start=\"2909\" data-end=\"2912\" \/>Web: <a class=\"decorated-link cursor-pointer\" target=\"_new\" rel=\"noopener\" data-start=\"2919\" data-end=\"2961\">https:\/\/www.naih.hu<\/a><\/p>\n<\/li>\n<\/ul>\n<hr data-start=\"2965\" data-end=\"2968\" \/>\n<h4 data-start=\"2970\" data-end=\"2992\">9. S\u00fctik (Cookie-k)<\/h4>\n<p data-start=\"2993\" data-end=\"3169\">A weboldal s\u00fctiket haszn\u00e1l a m\u0171k\u00f6d\u00e9shez \u00e9s a jobb felhaszn\u00e1l\u00f3i \u00e9lm\u00e9ny biztos\u00edt\u00e1s\u00e1hoz.<br data-start=\"3078\" data-end=\"3081\" \/>A r\u00e9szletek a <a class=\"decorated-link cursor-pointer\" target=\"_new\" rel=\"noopener\" data-start=\"3095\" data-end=\"3157\">S\u00fcti szab\u00e1lyzatban<\/a> olvashat\u00f3k.<\/p>\n<hr data-start=\"3171\" data-end=\"3174\" \/>\n<h4 data-start=\"3176\" data-end=\"3192\">10. Kapcsolat<\/h4>\n<p data-start=\"3193\" data-end=\"3219\">B\u00e1rmilyen k\u00e9rd\u00e9s eset\u00e9n:<\/p>\n<ul data-start=\"3220\" data-end=\"3281\">\n<li data-start=\"3220\" data-end=\"3252\">\n<p data-start=\"3222\" data-end=\"3252\">E-mail: kapcsolat<a class=\"decorated-link cursor-pointer\" rel=\"noopener\" data-start=\"3230\" data-end=\"3250\">@akineziologia.hu , e.matok@gmail.com<\/a><\/p>\n<\/li>\n<li data-start=\"3253\" data-end=\"3281\">\n<p data-start=\"3255\" data-end=\"3281\">Telefon: +36 20 299 8689<\/p>\n<\/li>\n<\/ul>\n<p data-start=\"3288\" data-end=\"3453\">\u00a0<\/p>\n<\/div><\/div>\n<\/footer>","protected":false},"excerpt":{"rendered":"<p>GDPR &#8211; Adatv\u00e9delmi t\u00e1j\u00e9koztat\u00f3 Hat\u00e1lyos: 2025. janu\u00e1r 6. 1. Adatkezel\u0151 adatai N\u00e9v: Matok Eleonora e.v. (AKineziol\u00f3gia.hu weboldal tulajdonosa) Sz\u00e9khely: 1137 Budapest, Szent Istv\u00e1n park 19. Telefon: +36 20 299 8689 E-mail: kapcsolat@akineziologia.hu Weboldal: https:\/\/akineziologia.hu Az adatkezel\u0151 a szem\u00e9lyes adatok v\u00e9delm\u00e9t kiemelten fontosnak tartja, \u00e9s a jelen t\u00e1j\u00e9koztat\u00f3 c\u00e9lja, hogy bemutassa, hogyan t\u00f6rt\u00e9nik a l\u00e1togat\u00f3k adatainak [&hellip;]<\/p>\n","protected":false},"author":1,"featured_media":0,"parent":0,"menu_order":0,"comment_status":"closed","ping_status":"closed","template":"","meta":{"_breakdance_hide_in_design_set":false,"_breakdance_tags":"","footnotes":""},"class_list":["post-1248","page","type-page","status-publish","hentry"],"_links":{"self":[{"href":"https:\/\/www.akineziologia.hu\/index.php?rest_route=\/wp\/v2\/pages\/1248","targetHints":{"allow":["GET"]}}],"collection":[{"href":"https:\/\/www.akineziologia.hu\/index.php?rest_route=\/wp\/v2\/pages"}],"about":[{"href":"https:\/\/www.akineziologia.hu\/index.php?rest_route=\/wp\/v2\/types\/page"}],"author":[{"embeddable":true,"href":"https:\/\/www.akineziologia.hu\/index.php?rest_route=\/wp\/v2\/users\/1"}],"replies":[{"embeddable":true,"href":"https:\/\/www.akineziologia.hu\/index.php?rest_route=%2Fwp%2Fv2%2Fcomments&post=1248"}],"version-history":[{"count":10,"href":"https:\/\/www.akineziologia.hu\/index.php?rest_route=\/wp\/v2\/pages\/1248\/revisions"}],"predecessor-version":[{"id":1289,"href":"https:\/\/www.akineziologia.hu\/index.php?rest_route=\/wp\/v2\/pages\/1248\/revisions\/1289"}],"wp:attachment":[{"href":"https:\/\/www.akineziologia.hu\/index.php?rest_route=%2Fwp%2Fv2%2Fmedia&parent=1248"}],"curies":[{"name":"wp","href":"https:\/\/api.w.org\/{rel}","templated":true}]}}